umber?
True
Is 89035 a prime number?
False
Is 38766073 a composite number?
False
Is 313421309 a composite number?
False
Is 13002767 prime?
True
Is 7499981 prime?
True
Is 9169627 a prime number?
False
Is 18930818 composite?
True
Is 3251357 prime?
True
Is 3066097 prime?
True
Is 30185627 a composite number?
False
Is 28641853 a prime number?
True
Is 5606621 composite?
False
Is 39090673 composite?
True
Is 410033 a prime number?
False
Is 19600681 composite?
False
Is 58657 composite?
False
Is 726889 a prime number?
False
Is 4549079 a composite number?
False
Is 211055177 prime?
True
Is 10843151 composite?
True
Is 196019123 a composite number?
False
Is 417070811 a prime number?
True
Is 7576433 composite?
False
Is 111270647 a prime number?
True
Is 1510061 a composite number?
True
Is 490481 a prime number?
True
Is 14411669 composite?
False
Is 14498203 a prime number?
False
Is 8949757 a composite number?
False
Is 15124523 prime?
False
Is 333402157 composite?
True
Is 64172281 composite?
True
Is 1916531 a prime number?
True
Is 12484973 a prime number?
False
Is 27232927 a composite number?
False
Is 116950591 a composite number?
True
Is 5334409 a composite number?
False
Is 60068737 composite?
False
Is 1767989 prime?
False
Is 4978493 a prime number?
False
Is 58431731 a prime number?
True
Is 1809557 composite?
False
Is 44446703 composite?
True
Is 5340911 prime?
False
Is 5691815 prime?
False
Is 65201 composite?
True
Is 3911969 prime?
False
Is 4122103 a composite number?
False
Is 92150987 composite?
True
Is 3285127 a prime number?
True
Is 27000719 a prime number?
True
Is 42011785 composite?
True
Is 28855183 a composite number?
True
Is 6015169 a prime number?
True
Is 3359199 composite?
True
Is 34913599 composite?
True
Is 23038721 prime?
False
Is 211559 a prime number?
True
Is 20623729 prime?
False
Is 15917323 prime?
True
Is 637151 composite?
True
Is 184217 composite?
True
Is 156251617 composite?
True
Is 34361681 a composite number?
False
Is 9514009 a prime number?
False
Is 7692079 prime?
True
Is 1123363 a prime number?
False
Is 695143261 a composite number?
False
Is 159529 composite?
True
Is 29172797 composite?
False
Is 881401 composite?
True
Is 10893823 a composite number?
True
Is 1075391 a composite number?
False
Is 523643 prime?
False
Is 3545717 prime?
False
Is 164825317 a prime number?
True
Is 717931 a prime number?
False
Is 817979 a prime number?
True
Is 2979031 a prime number?
False
Is 109551089 prime?
False
Is 59744989 a prime number?
False
Is 83889281 a composite number?
True
Is 15124107 a prime number?
False
Is 2317387 prime?
True
Is 810268241 a prime number?
True
Is 651767 a composite number?
False
Is 56731331 prime?
False
Is 699891 a prime number?
False
Is 108444901 prime?
False
Is 2305031 composite?
True
Is 303842291 a prime number?
True
Is 42602149 a composite number?
False
Is 4903237 a prime number?
True
Is 228089603 a prime number?
False
Is 20159533 composite?
True
Is 5959511 a composite number?
False
Is 6978319 a composite number?
False
Is 64852694 a prime number?
False
Is 13477903 composite?
True
Is 123905963 a composite number?
False
Is 55443151 a composite number?
False
Is 111607 a prime number?
False
Is 919777 prime?
False
Is 473331691 a composite number?
True
Is 16261829 a composite number?
True
Is 25685333 a composite number?
True
Is 89991533 a prime number?
False
Is 193999607 a prime number?
True
Is 1944361 a composite number?
False
Is 363347 composite?
True
Is 96754057 a prime number?
False
Is 1311689 prime?
True
Is 421843 a prime number?
False
Is 6238757 composite?
True
Is 6528513 a prime number?
False
Is 1655473 a prime number?
True
Is 89339 a composite number?
True
Is 324696017 prime?
True
Is 8611241 a prime number?
False
Is 121413599 a composite number?
True
Is 72904119 a composite number?
True
Is 46872751 composite?
False
Is 13812461 composite?
True
Is 526013713 a prime number?
False
Is 190682929 prime?
False
Is 614503 a prime number?
True
Is 2860933 composite?
True
Is 7516063 a prime number?
True
Is 257380393 a composite number?
True
Is 1497187 a composite number?
False
Is 399167 composite?
True
Is 954509 composite?
False
Is 3604177 a prime number?
True
Is 415751827 a prime number?
True
Is 136001597 a composite number?
True
Is 21348907 a prime number?
True
Is 3816633 prime?
False
Is 264711 composite?
True
Is 621806593 a composite number?
False
Is 2029121 a composite number?
False
Is 380068529 a composite number?
True
Is 134237273 a composite number?
True
Is 8916595 prime?
False
Is 544526363 prime?
False
Is 6539579 a prime number?
True
Is 6543934 composite?
True
Is 1645643 a prime number?
True
Is 13824169 a prime number?
True
Is 295911347 a composite number?
True
Is 2384783 composite?
False
Is 74158079 prime?
False
Is 3323927 composite?
True
Is 1291435759 prime?
False
Is 342025967 composite?
False
Is 8767193 a prime number?
False
Is 20890579 a composite number?
False
Is 36800879 prime?
True
Is 99131639 a composite number?
True
Is 3876229 composite?
True
Is 112316171 a prime number?
False
Is 9837059 a prime number?
True
Is 5448853 prime?
True
Is 121207021 composite?
True
Is 45763159 a composite number?
True
Is 26563523 a composite number?
True
Is 6374365 a composite number?
True
Is 37072131 a prime number?
False
Is 1866637 a prime number?
True
Is 2309563 composite?
True
Is 818407 prime?
False
Is 4141895 composite?
True
Is 3481463 a composite number?
False
Is 9637123 a composite number?
True
Is 2813441 a composite number?
False
Is 2523011 a prime number?
True
Is 11315233 prime?
False
Is 582143 a composite number?
True
Is 8033657 a composite number?
False
Is 68488311 composite?
True
Is 444071 composite?
True
Is 17059529 a prime number?
False
Is 1237813 a prime number?
True
Is 346996201 prime?
True
Is 11720323 composite?
False
Is 113065 composite?
True
Is 10689287 a composite number?
True
Is 1112957 a composite number?
True
Is 19714469 a prime number?
True
Is 5683609 a prime number?
True
Is 171307 a composite number?
True
Is 34012711 prime?
True
Is 3649981 a composite number?
False
Is 17705878 a composite number?
True
Is 1606817 composite?
False
Is 57990461 prime?
True
Is 34596535 a composite number?
True
Is 85701221 composite?
False
Is 67114273 a composite number?
False
Is 202064893 a composite number?
False
Is 5311703 composite?
False
Is 65547319 a prime number?
True
Is 995411 prime?
False
Is 4851317 composite?
False
Is 64653059 a composite number?
True
Is 2088787 a prime number?
True
Is 18978637 a prime number?
True
Is 23559059 composite?
True
Is 34343713 a composite number?
True
Is 17667033 a composite number?
True
Is 2333231 composite?
False
Is 1108820219 a composite number?
True
Is 2089111 prime?
False
Is 3650047 a prime number?
False
Is 20787479 prime?
True
Is 506307181 prime?
True
Is 236260603 a composite number?
True
Is 104547269 prime?
False
Is 34903691 prime?
False
Is 974887 a prime number?
True
Is 780821 a composite number?
True
Is 866263 prime?
False
Is 19409822 prime?
False
Is 2823977 a composite number?
True
Is 7704713 a composite number?
False
Is 203607631 a prime number?
True
Is 11125613 prime?
True
Is 144967423 a prime number?
True
Is 8436877 prime?
True
Is 499619741 composite?
False
Is 52241147 composite?
True
Is 174309263 a prime number?
False
Is 24053417 a composite number?
True
Is 175265399 composite?
False
Is 1825591 prime?
True
Is 4557143 prime?
True
Is 2643853 a prime number?
True
Is 26870437 a prime number?
False
Is 67454434 a prime number?
False
Is 96435483 composite?
True
Is 170202601 prime?
False
Is 8336111 a prime number?
False
Is 270157 composite?
False
Is 8304251 prime?
True
Is 1994137 prime?
False
Is 158718779 composite?
True
Is 3977921 composite?
False
Is 706931 prime?
False
Is 1904317949 composite?
False
Is 2025241 a composite number?
False
Is 75787805 composite?
True
Is 2161847 a prime number?
False
Is 2305003 a composite number?
False
Is 247818901 composite?
True
Is 550799 composite?
True
Is 1228783 a prime number?
True
Is 2983667 a prime number?
False
Is 273911077 a prime number?
False
Is 3002269 a composite number?
False
Is 185918441 prime?
True
Is 977972101 a composite number?
False
Is 34930157 a composite number?
False
Is 12691003 prime?
False
Is 421044983 a composite number?
True
Is 2108013 co